 -59 + i. What is the tens digit of p?
5
Suppose -5*n - 4*w + 3602 + 4273 = 0, -2*w + 7885 = 5*n. What is the tens digit of n?
7
What is the thousands digit of 24108/9 - (130/15)/13?
2
Suppose 14*s - 17*s = -48. Suppose -12 = -7*i + 4*i, -v - 2*i = -s. What is the units digit of v?
8
Suppose p = -5, -5*x = -4*p + 82 - 727. What is the tens digit of x?
2
Suppose -84 = -4*n - 2*f - 392, -4*f - 8 = 0. Let r = n - -128. What is the units digit of r?
2
Suppose 0 = 5*s - 1 - 4. Let l(w) = -2 - s - 3*w - 5*w + 0*w. What is the tens digit of l(-4)?
2
Suppose -3*t - w = -2*w + 1, t + 2*w = 2. Let j(u) = u**2 - u - 27. Let y be j(7). Suppose s = -t*s + y. What is the tens digit of s?
1
Suppose -34 = -2*w + 4*y, 6*w + 2*y - 68 = 2*w. Suppose 3*u = w + 40. What is the units digit of u?
9
Let o(w) = -2*w - 15. Let s be o(-9). What is the hundreds digit of (505/(-10))/(s/(-6))?
1
Let y = 702 - -167. What is the hundreds digit of y?
8
Let a = 66 - 29. What is the tens digit of a/(3 - 0 - 2)?
3
Suppose -270 = 33*b - 4626. What is the hundreds digit of b?
1
Suppose 82 = 3*w - 4*q, -4*q - 41 = -2*w + 15. Let n = 31 - w. Suppose -n*c + 3*c = -126. What is the units digit of c?
3
Let p = 323 - -584. What is the tens digit of p?
0
Suppose 4*l + 0*l = 0. Suppose 3*v - 2*v - 3 = l. What is the tens digit of -69*(-1)/v*1?
2
Let b(x) be the third derivative of -5*x**4/24 + 2*x**3/3 + 10*x**2. Let f be b(2). Let k = f + 9. What is the units digit of k?
3
Let j(a) = -15*a**2 + 3*a - 1. Let t(f) = 5*f**2 - f. Let d(u) = -4*j(u) - 11*t(u). Let q be d(4). What is the tens digit of q/4 - (1 + -1)?
2
Let k = 1134 - 668. What is the tens digit of k?
6
Suppose -5 - 122 = o. Let x = -6 - 6. What is the tens digit of o/(-4) - 3/x?
3
Let k be (-5)/6*(0 - 6). Suppose 0 = k*o + 1 - 6. What is the units digit of o?
1
Let k = -13 + -4. Let o = -4 - k. What is the units digit of o?
3
Suppose 0 = -g + s + 1367, 12*g + 4125 = 15*g + 3*s. What is the thousands digit of g?
1
Let m = 2041 + 826. What is the thousands digit of m?
2
Suppose 0 = -3*k - 15, 46 = w + 2*w - 5*k. Let z = 0 - w. What is the units digit of z/(-28) - 67/(-4)?
7
Let g(h) = h**3 + 2*h**2 + h. Let i be g(-2). Let m(k) = 53 - 3*k + 0*k - k**2 + 22 - k**2 - k**3 - 78. What is the units digit of m(i)?
3
Let n(l) be the third derivative of -l**6/120 - l**5/6 + 2*l**4/3 - 4*l**3/3 + 4*l**2. What is the units digit of n(-12)?
8
Let t(z) = -6*z**3 + z**2 + 5*z + 5. Let x be t(-1). Suppose 6*y = x*y - 64. What is the tens digit of y?
6
Let n = 6 - -2. Suppose 13*c - n*c - 150 = 0. What is the tens digit of c?
3
Let h(s) = s**2 - 6*s + 6. Suppose 8 = 5*n - 17. Suppose -n*p = -4*j + 39, 2*p - 3*p = -j + 9. What is the units digit of h(j)?
6
Suppose l = -2*l + 12. What is the units digit of -4 + (-4)/l*-51?
7
Let a(p) = 3*p + 314 - 310 + 15*p**2 - 3*p**2. Suppose -5*h + 2*w - w - 10 = 0, -4*w = h + 2. What is the units digit of a(h)?
6
Let x = -3 - -3. Suppose -5*q + 2*q + 2*a + 13 = x, 5*a + 10 = 3*q. Suppose -3*o + 36 = -o - 2*z, -q*z - 34 = -o. What is the units digit of o?
4
Let p be 6*4/(-8)*(-16)/12. Suppose 4*z - 643 = -5*c - 0*c, p*c + 3*z - 514 = 0. What is the hundreds digit of c?
1
Let g(f) = 2*f**3 - 9*f**2 + 2*f + 39. What is the hundreds digit of g(11)?
6
Let q(b) = -2*b**3 - 6*b**2 + b + 3. Let o be q(-7). What is the tens digit of (-4)/(-14) - 1/((-14)/o)?
2
Suppose 0 = -4*p + 10 - 2. Suppose 0 = o + p*o. Let b(v) = -2*v + 9. What is the units digit of b(o)?
9
Suppose -3*h + 18 - 57 = 0. Suppose 5*k - 5*i + i = -29, 0 = 4*k - 3*i + 23. What is the units digit of h/k - 6/10?
2
Let x(m) = -20*m + 7. Suppose 34 - 42 = 2*s. What is the tens digit of x(s)?
8
Suppose -3*x - 11 = 13. Let t = -8 + 18. Let f = x + t. What is the units digit of f?
2
Let q = 394 + -165. What is the units digit of q?
9
Suppose -4158 = -15*b + 6*b. What is the tens digit of b?
6
Let j = 1009 + -659. Suppose -3*f + j = -118. What is the tens digit of f?
5
Let a(s) = s**3 - 2*s**2 - 10*s + 14. What is the units digit of a(6)?
8
What is the hundreds digit of 4 - 5*6/10 - -196?
1
Let g be 1 + 398 + (-4 + 2 - -5). Suppose -200 - g = -7*a. What is the tens digit of a?
8
Let o(m) = 6*m**3 - m**2 + 2*m - 1. Let i be o(1). What is the units digit of (i/15)/((-1)/(-40))?
6
What is the hundreds digit of (-6093)/27*(10/(-2) - -2)?
6
Let g = 155 + 35. Suppose 7*c - 2*c = g. What is the tens digit of (-2)/8*c*-2?
1
Let r(l) be the second derivative of l**4/6 + l**3/3 - l**2/2 - 18*l. Suppose -22 = 5*h - p, -8 = 2*h - 2*p + 4. What is the units digit of r(h)?
3
What is the tens digit of (-5446)/(-6) - ((-564)/(-36) + -15)?
0
Suppose -8*w = -80 - 16. Let z = 8 - 17. Let n = w + z. What is the units digit of n?
3
What is the units digit of ((-16)/(-6) - 20/(-30))*60?
0
Let t(i) = -i**3 - 7*i**2 + 2*i. Suppose 5*d = -6*g + 2*g - 28, -4*g - 28 = -d. Let p be t(g). Let f = p - -31. What is the units digit of f?
7
Let o = 11 - 6. Suppose 4*m = g + m - 18, o*g - 33 = -4*m. Suppose 5*b = 109 - g. What is the units digit of b?
0
Let r(f) = 5*f + 233. What is the hundreds digit of r(-17)?
1
Let x be -3 + (-2 - (1 + -74)). What is the units digit of -1 + x + (8 - 5)?
0
Suppose 0*l - 13 = l + 3*i, 4*i - 20 = l. Let u = l - -22. Suppose -u*y + 87 = -3*y. What is the units digit of y?
9
Suppose 65 - 302 = -3*g. Suppose -4*y = -g + 31. What is the tens digit of y?
1
Let h(v) = -v**2 + 2*v + 5. Let c be h(4). Let d be (-4)/c*3/1. Suppose d*w + i = 3*i + 78, 4*w - 87 = -i. What is the units digit of w?
1
Let r = 25 + -25. Let u be (4 - r) + 0 + 0. What is the units digit of (4 - u) + (-4 - -23)?
9
Suppose -7 = -2*p + 2*o + 3, -p - 5 = 4*o. Suppose 5*d - 8 = -b + 3, 0 = -p*b + 3. Suppose -f = -d*f - 3*k, 0 = -2*f + 5*k + 55. What is the units digit of f?
5
Let x(o) be the second derivative of 4*o**4/3 - 4*o**3/3 - 10*o. What is the tens digit of x(-3)?
6
Let h(a) = -a**2 + 5*a + 1040. What is the hundreds digit of h(0)?
0
Let g(l) = l**3 + 26*l**2 - 62*l - 82. Let w be g(-28). Let j(y) = 10*y**2 + y + 2. Let d be j(4). Let c = d - w. What is the tens digit of c?
8
Let g be 5 - 2/((-6)/(-9)). Suppose -5*d + 368 = -g*x, -x = -9*d + 4*d + 364. What is the tens digit of d?
7
Let n(o) = -o - 3. Let u be n(-8). Let m = 0 + u. Let t = m - 1. What is the units digit of t?
4
Suppose -63*z = -66*z - 4*l + 4537, -3*z = 5*l - 4535. What is the hundreds digit of z?
5
Let v(j) = 8*j**2 + 3*j + 10. Let y be v(5). Suppose -g + y = 2*z - 6*g, 475 = 5*z + 5*g. Let q = z + -36. What is the units digit of q?
4
Let p(b) = 3*b**2 + 32*b + 172. What is the tens digit of p(-12)?
2
Let r be 5 - (-2)/4*0. Suppose 25 = -r*g + 5, -20 = -4*z + 2*g. Suppose h - l - 11 = 4, -42 = -z*h + 4*l. What is the tens digit of h?
1
Let n = -1692 - -3732. What is the hundreds digit of n?
0
Suppose 0 = 7*x - x + 12. Let y be (-4)/x - (-7 - -3). Suppose -y*c + 114 = -168. What is the tens digit of c?
4
Suppose 24*p = 26*p - 4. Suppose 2*d + 9 = 3*t - 39, -p*t + 32 = -5*d. What is the units digit of t?
6
Suppose 27*r - 22*r = -30. Let j(t) = -6*t + 18. What is the tens digit of j(r)?
5
Suppose 0*l = 5*l. Suppose 3*w + l*w = -204. What is the units digit of (w/(-8))/1*2?
7
Suppose -7*l + 6040 + 4978 = 0. What is the thousands digit of l?
1
Suppose 323 = -6*m + 107. What is the tens digit of (m/15)/(1/(-30))?
7
Let f(i) = 426*i + 63. What is the thousands digit of f(4)?
1
Suppose -3*i + 5*f - 10*f = -11962, 19966 = 5*i + f. What is the thousands digit of i?
3
Let d be (-7)/(-21) - 88/(-6). Let q = 7 + -10. Let a = d - q. What is the units digit of a?
8
Let f(m) = -m**3 + 5*m**2 + 3*m + 11. Let d be f(6). What is the units digit of 2/d + (68688/(-56))/(-9)?
6
Let w = 600 - 337. What is the units digit of w?
3
Let i(r) = 51*r**3 - r**2 + r - 1. Let v be i(-2). Let o = -287 - v. What is the tens digit of o?
2
What is the units digit of (-81)/(-36)*4/3*461?
3
Let m(c) = 5*c**2 - c - 15. Let g be m(5). Suppose -5*k = l - g, -3 = -k + 2. What is the units digit of l?
0
Let f(l) = 6*l**2 - 11*l - 6. Let q(n) = 2*n**2 - n + 1. Let y(c) = f(c) - 2*q(c). Suppose -4*i = -2*i - 14. What is the units digit of y(i)?
7
Let i(j) = -j**3 - 7*j**2 - 8*j. What is the units digit of i(-10)?
0
Let j(q) = -q**3 + q**2 + 3. Let w be j(0). 